nder when 396081 is divided by 98200.
3281
What is the remainder when 3826773 is divided by 24?
21
What is the remainder when 27978289 is divided by 9326077?
58
Calculate the remainder when 12887 is divided by 4207.
266
Calculate the remainder when 28483 is divided by 14193.
97
What is the remainder when 17649 is divided by 8049?
1551
What is the remainder when 131222 is divided by 9967?
1651
Calculate the remainder when 78763972 is divided by 155660.
12
Calculate the remainder when 29125 is divided by 1599.
343
Calculate the remainder when 52893 is divided by 1824.
1821
What is the remainder when 1192202 is divided by 91707?
11
Calculate the remainder when 1951096 is divided by 278722.
42
What is the remainder when 9767 is divided by 9054?
713
Calculate the remainder when 623884492 is divided by 533.
530
Calculate the remainder when 3372 is divided by 2903.
469
What is the remainder when 13873542 is divided by 45?
42
Calculate the remainder when 32016 is divided by 1275.
141
What is the remainder when 132254274 is divided by 148?
142
Calculate the remainder when 138020 is divided by 1768.
116
What is the remainder when 202910 is divided by 101424?
62
What is the remainder when 667591 is divided by 772?
583
What is the remainder when 528249 is divided by 44019?
21
Calculate the remainder when 497965 is divided by 17129.
1224
Calculate the remainder when 535610 is divided by 267719.
172
What is the remainder when 444183 is divided by 5550?
183
Calculate the remainder when 34548518 is divided by 3454851.
8
Calculate the remainder when 802402 is divided by 11144.
34
What is the remainder when 31861980 is divided by 3692?
20
Calculate the remainder when 314538 is divided by 752.
202
Calculate the remainder when 53147986 is divided by 41.
14
What is the remainder when 154846 is divided by 1302?
1210
Calculate the remainder when 194614 is divided by 8447.
333
What is the remainder when 81382 is divided by 3013?
31
What is the remainder when 56263 is divided by 7806?
1621
Calculate the remainder when 327748 is divided by 834.
820
What is the remainder when 7236723 is divided by 134013?
21
Calculate the remainder when 300440 is divided by 120.
80
Calculate the remainder when 624968 is divided by 624965.
3
Calculate the remainder when 246032 is divided by 2302.
2020
Calculate the remainder when 210628 is divided by 17533.
232
Calculate the remainder when 127397393 is divided by 2043.
2042
Calculate the remainder when 406661 is divided by 1009.
34
What is the remainder when 38650 is divided by 5412?
766
What is the remainder when 99459799 is divided by 1706?
1705
Calculate the remainder when 392377 is divided by 505.
497
What is the remainder when 56349404 is divided by 273?
20
Calculate the remainder when 16780768 is divided by 2482.
2448
What is the remainder when 88142 is divided by 1224?
14
Calculate the remainder when 24383679 is divided by 13691.
8
Calculate the remainder when 105350 is divided by 8101.
37
What is the remainder when 58568 is divided by 407?
367
Calculate the remainder when 33654093 is divided by 434.
431
What is the remainder when 2944368 is divided by 34?
2
Calculate the remainder when 59676 is divided by 459.
6
Calculate the remainder when 37007540 is divided by 644.
80
Calculate the remainder when 44118898 is divided by 1974.
1972
Calculate the remainder when 24079437 is divided by 2640.
2637
What is the remainder when 151879 is divided by 18979?
47
Calculate the remainder when 402292 is divided by 397.
131
What is the remainder when 134754 is divided by 14893?
717
What is the remainder when 70183 is divided by 17477?
275
What is the remainder when 1262694 is divided by 69?
63
Calculate the remainder when 362528 is divided by 14500.
28
Calculate the remainder when 233217 is divided by 233009.
208
What is the remainder when 19997231 is divided by 68719?
2
Calculate the remainder when 29559449 is divided by 14779723.
3
Calculate the remainder when 2414113 is divided by 175.
163
What is the remainder when 162375312 is divided by 54125094?
30
Calculate the remainder when 365675 is divided by 3661.
3236
What is the remainder when 6605987 is divided by 250?
237
What is the remainder when 17417995 is divided by 125?
120
Calculate the remainder when 1560866510 is divided by 113.
109
Calculate the remainder when 15521563 is divided by 152172.
19
Calculate the remainder when 13723643 is divided by 33.
32
Calculate the remainder when 16064262 is divided by 8646.
8640
What is the remainder when 308756 is divided by 1061?
5
What is the remainder when 6406416 is divided by 2135390?
246
Calculate the remainder when 17391122 is divided by 1029.
1022
What is the remainder when 1888473 is divided by 1148?
13
What is the remainder when 2957267 is divided by 599?
4
What is the remainder when 9821342 is divided by 1403048?
6
Calculate the remainder when 1166858 is divided by 189.
161
What is the remainder when 44821303 is divided by 152?
151
Calculate the remainder when 2455038 is divided by 147.
138
What is the remainder when 3492649 is divided by 6640?
9
What is the remainder when 1015869 is divided by 145081?
302
What is the remainder when 17537924 is divided by 39411?
29
What is the remainder when 1460583 is divided by 777?
600
Calculate the remainder when 4669900 is divided by 245784.
4
Calculate the remainder when 1452824 is divided by 12744.
8
Calculate the remainder when 620188 is divided by 2833.
2594
Calculate the remainder when 38793 is divided by 5930.
3213
Calculate the remainder when 404616 is divided by 57802.
2
Calculate the remainder when 34543447 is divided by 4401.
4399
Calculate the remainder when 85592 is divided by 3.
2
What is the remainder when 1031026 is divided by 16363?
157
What is the remainder when 764091085 is divided by 82?
79
Calculate the remainder when 11937792 is divided by 222.
186
Calculate the remainder when 2249002 is divided by 57664.
106
Calculate the remainder when 108139 is divided by 107130.
1009
What is the remainder when 6166996 is divided by 1726?
1724
Calculate the remainder when 343797550 is divided by 336.
334
What is the remainder when 25321031 is divided by 8517?
8507
What is the remainder when 8821957 is divided by 801994?
23
Calculate the remainder when 253832 is divided by 8298.
4892
What is the remainder when 43466 is divided by 164?
6
What is the remainder when 2199407 is divided by 18639?
5
What is the remainder when 101785 is divided by 46185?
9415
Calculate the remainder when 6773387 is divided by 16.
11
What is the remainder when 246125 is divided by 2865?
2600
What is the remainder when 1034191 is divided by 343?
46
What is the remainder when 6113158 is divided by 9?
7
What is the remainder when 12686508 is divided by 12686505?
3
Calculate the remainder when 505476 is divided by 56141.
207
What is the remainder when 112026 is divided by 1272?
90
Calculate the remainder when 4464087 is divided by 8964.
15
Calculate the remainder when 498636 is divided by 317.
312
What is the remainder when 2664803679 is divided by 5110?
5109
Calculate the remainder when 421429 is divided by 198.
85
Calculate the remainder when 13875387 is divided by 1225.
1037
What is the remainder when 12949655 is divided by 4062?
4061
What is the remainder when 13742293 is divided by 1374228?
13
What is the remainder when 1852062 is divided by 27?
24
What is the remainder when 53627445 is divided by 4858?
4841
Calculate the remainder when 17355835 is divided by 13666.
15
What is the remainder when 1531110 is divided by 25951?
1
Calculate the remainder when 52784255 is divided by 84.
83
What is the remainder when 1478718 is divided by 184?
94
Calculate the remainder when 1254183 is divided by 3733.
3628
What is the remainder when 497889 is divided by 302?
193
Calculate the remainder when 294818 is divided by 313.
285
What is the remainder when 8384056 is divided by 23419?
54
Calculate the remainder when 1625680 is divided by 97.
57
What is the remainder when 2212686 is divided by 13658?
90
Calculate the remainder when 618148 is divided by 93.
70
Calculate the remainder when 2809777 is divided by 4803.
22
What is the remainder when 63935 is divided by 2873?
729
What is the remainder when 4899563 is divided by 46?
11
